ermine k(8).
-7
Let h(r) = r**2 - 4*r - 15. Determine h(7).
6
Let r(m) = -12*m + 40. What is r(3)?
4
Let o(t) = -2*t**2 - 24*t - 3. Calculate o(-9).
51
Let m(w) = w**3 - 5*w**2 - 5*w + 2. What is m(6)?
8
Let p(w) = -w**3 - 7*w**2 - 6*w. Determine p(-5).
-20
Let v(l) = 2*l**3 + 24*l**2 + 17*l - 51. Give v(-11).
4
Let i(p) = 27*p - 53. Calculate i(2).
1
Let d(j) = -3*j**2 - j - 4. Determine d(-4).
-48
Let b(f) = -5*f - 9. Give b(-3).
6
Let c(o) = -o**2 - 193*o + 1612. What is c(8)?
4
Let a(s) = s**3 + 15*s**2 + 15*s + 2. Determine a(-14).
-12
Let y(o) = 45*o**3 + o**2 - 2*o + 1. Determine y(1).
45
Let n(j) = j**3 - 6*j**2 + 5*j - 3. What is n(6)?
27
Let s(a) = -7*a - 5. Give s(-4).
23
Let i(v) = -4*v**3 - 2*v**2 + 1. Give i(1).
-5
Let r(h) = -7*h**2 + h + 3. Calculate r(-2).
-27
Let i(f) = -2*f**2 + 9*f - 2. Determine i(4).
2
Let f(g) = -5*g**2 + 25*g - 7. What is f(5)?
-7
Let o(a) = -10*a - 2. Calculate o(-1).
8
Let z(f) = -8*f - 24. Calculate z(-12).
72
Let i(v) = -v**2 + 2*v + 3. What is i(-2)?
-5
Let r(i) = -i**2 + i + 3. What is r(9)?
-69
Let d(z) = 8*z + 6. Determine d(16).
134
Let z(r) = -r**3 - 6*r**2 - 7*r - 1. What is z(-6)?
41
Let z(d) = 2*d**2 + 13*d - 31. Calculate z(6).
119
Let r(i) = -i**2 - 5*i. What is r(-4)?
4
Let n(u) = -18*u - 110. Give n(-6).
-2
Let b(d) = 4*d**2 - 41*d + 45. Calculate b(9).
0
Let h(n) = n**2 + 11*n - 24. Calculate h(-9).
-42
Let f(q) = -q**2 + 6*q - 3. Calculate f(5).
2
Let b(i) = -2*i**2 - 19*i - 37. Calculate b(-5).
8
Let p(c) = -648*c + 3887. Determine p(6).
-1
Let r(c) = 50*c**2 - 6*c - 1. Determine r(-1).
55
Let s(h) = h - 1. Give s(-12).
-13
Let o(n) = -6*n + 294. What is o(47)?
12
Let v(y) = -2*y + 3. What is v(-5)?
13
Let f(u) = u**3 + 19*u**2 + 20*u + 32. Give f(-18).
-4
Let w(u) = u**3 - 11*u**2 + 27*u + 26. Determine w(5).
11
Let o(c) = -6*c - 114. What is o(-19)?
0
Let t(z) = 3*z + 79. Determine t(-28).
-5
Let v(t) = -t**2 - 30*t + 1. What is v(-30)?
1
Let t(h) = h**3 - 4*h**2 - 11*h. Calculate t(6).
6
Let c(m) = m - 1. Give c(5).
4
Let o(p) = -p**3 - 7*p**2 + 8*p + 6. Calculate o(-8).
6
Let t(d) = 7*d - 163. Determine t(23).
-2
Let p(h) = -h**2 + 6*h - 8. What is p(6)?
-8
Let n(x) = 9*x**2 - 4*x + 1. Determine n(3).
70
Let n(p) = -4*p + 78. Calculate n(18).
6
Let r(n) = -7*n - 47. What is r(-7)?
2
Let q(d) = -d**3 + 10*d**2 - 2*d + 12. Calculate q(10).
-8
Let n(d) = d - 2. What is n(1)?
-1
Let x(t) = t**2 + 6*t - 8. What is x(-8)?
8
Let b(w) = -w**3 - 3*w**2 + 3*w + 1. Determine b(-4).
5
Let t(i) = -6*i**2 - 4*i - 2. Give t(-1).
-4
Let m(s) = 6*s**2 + 151*s + 23. Calculate m(-25).
-2
Let j(n) = n**3 + 7*n**2 + 3. Calculate j(-7).
3
Let d(v) = -4*v - 15. Calculate d(-6).
9
Let o(s) = 8*s + 99. Give o(-9).
27
Let v(h) = -12*h + 25. What is v(4)?
-23
Let x(g) = 4*g**2 + 94*g - 264. Give x(-26).
-4
Let y(i) = -4*i + 28. What is y(7)?
0
Let r(q) = -q**2 - q + 4. Give r(-4).
-8
Let z(i) = 11*i + 106. Give z(-10).
-4
Let s(o) = o**3 + 5*o**2 - 11*o + 13. Give s(-7).
-8
Let r(u) = -8*u + 28. Give r(13).
-76
Let u(n) = 11*n. Determine u(1).
11
Let x(o) = 2*o - 4. What is x(-6)?
-16
Let p(b) = -8*b**2 + b + 2. What is p(1)?
-5
Let a(o) = -o**2 + 18*o - 36. Determine a(16).
-4
Let p(z) = -13*z + 193. Determine p(15).
-2
Let g(l) = l**3 - 7*l**2 + 8*l - 8. What is g(6)?
4
Let i(v) = v**2 + 3*v - 4. Determine i(3).
14
Let s(r) = -r**2 - r + 8. Determine s(-6).
-22
Let r(i) = i + 10. What is r(-4)?
6
Let v(l) = -l**3 - 7*l**2 - 7*l - 1. What is v(-6)?
5
Let r(z) = -37*z + 336. Give r(9).
3
Let f(j) = 20*j - 210. Give f(10).
-10
Let j(o) = o**2 + 12*o - 5. Give j(-12).
-5
Let f(u) = u**2 - 6*u + 2. Calculate f(6).
2
Let s(j) = j**2 + j + 21. Determine s(0).
21
Let i(h) = -h**3 + h**2 - h - 5. Give i(-3).
34
Let s(g) = g**3 - g**2 - 12*g + 24. Calculate s(2).
4
Let f(x) = -x**2 + 11*x - 23. Calculate f(4).
5
Let t(i) = -i**2 - 10*i + 19. What is t(-12)?
-5
Let o(w) = -5*w**3 + 91*w**2 - 18*w - 7. Give o(18).
-7
Let n(o) = 2*o**3 + o**2 - 3*o - 4. What is n(-2)?
-10
Let g(p) = -3*p**2 - 7*p + 7. Calculate g(-3).
1
Let i(a) = -22*a**3 + 5*a + 4. Calculate i(-1).
21
Let c(i) = -12*i**2 - 70*i + 8. Give c(-6).
-4
Let y(u) = u**2 + 16*u + 6. Give y(-16).
6
Let w(t) = 3*t + 52. Calculate w(-20).
-8
Let t(u) = u**3 + 5*u**2 - 7*u - 4. Determine t(-6).
2
Let g(d) = -d**2 - 6*d + 140. What is g(-15)?
5
Let h(a) = -4*a - 67. What is h(-22)?
21
Let a(y) = -4*y**2 + 2*y + 3. Calculate a(-3).
-39
Let g(p) = p**3 + 9*p**2 + 6*p + 12. Calculate g(-8).
28
Let a(k) = k**3 - 8*k**2 + 10*k. What is a(7)?
21
Let h(s) = -s**2 + 19*s + 25. Give h(19).
25
Let o(w) = w**3 - 2*w**2 - 8*w + 8. Give o(5).
43
Let h(i) = 10*i + 3. What is h(4)?
43
Let c(h) = -h**2 + 7*h + 15. What is c(9)?
-3
Let g(s) = -s**3 + 3*s**2 + 11*s - 4. What is g(5)?
1
Let p(v) = v**2 + 4*v - 3. Determine p(-5).
2
Let u(m) = -m**2 + 11*m + 105. Calculate u(-6).
3
Let p(i) = -2*i**2 + 18*i - 36. Determine p(4).
4
Let c(x) = 3*x - 42. What is c(17)?
9
Let t(w) = w**3 + 7*w**2 - 3*w + 3. What is t(-7)?
24
Let x(w) = -72*w + 82. Give x(1).
10
Let b(r) = -5*r + 12. What is b(2)?
2
Let u(n) = -2*n**2 - 5*n + 5. Determine u(0).
5
Let c(w) = -3*w**2 - 70*w - 20. What is c(-22)?
68
Let b(r) = 20*r - 58. Calculate b(3).
2
Let w(u) = u**2 + 17*u + 13. What is w(-17)?
13
Let z(j) = j**3 + 12*j**2 - 3*j + 17. Determine z(-13).
-113
Let l(u) = 2*u**2 - 60*u + 1. What is l(30)?
1
Let z(q) = -4*q**2 + 3*q + 4. Give z(-5).
-111
Let l(p) = 46*p + 5. Give l(1).
51
Let o(i) = 3*i + 4. Calculate o(3).
13
Let o(t) = -t**3 + 3*t**2 + 27*t - 4. What is o(-4)?
0
Let p(f) = 4*f + 3. Determine p(3).
15
Let o(x) = -x**3 + 15*x**2 + x - 25. What is o(15)?
-10
Let o(f) = 3*f**2 - 64*f + 132. Give o(19).
-1
Let c(x) = 4*x**2 - 10*x + 7. Give c(6).
91
Let p(z) = -14*z - 90. What is p(-9)?
36
Let d(c) = c**3 + 7*c**2 + 3*c - 21. Determine d(-6).
-3
Let q(z) = -z**3 - 12*z**2 - 4*z - 10. What is q(-12)?
38
Let t(m) = -m**3 - 16*m**2 - 42*m - 39. Give t(-13).
0
Let b(c) = -c + 2. Give b(14).
-12
Let v(z) = 6*z**3 - 3*z + 3. What is v(2)?
45
Let b(i) = -16*i - 213. Calculate b(-13).
-5
Let j(h) = h**2 + 8*h - 27. What is j(-11)?
6
Let s(d) = -d**2 - 13*d - 36. Calculate s(-10).
-6
Let y(c) = -c**2 + 9*c + 2. What is y(9)?
2
Let g(s) = -29*s + 7. Give g(0).
7
Let k(u) = 9*u - 34. What is k(9)?
47
Let p(t) = -19*t + 156. What is p(10)?
-34
Let g(y) = -7*y - 5. Give g(0).
-5
Let x(z) = z**2 + 6*z - 5. Calculate x(-7).
2
Let p(n) = -n**2 + 6*n - 8. Calculate p(7).
-15
Let a(o) = 3*o + 17. Calculate a(-15).
-28
Let k(t) = -t**3 - 4*t**2 + 13*t + 10. What is k(-7)?
66
Let r(i) = i**2 + 5*i + 1. Give r(-3).
-5
Let h(a) = a**2 + 20*a + 66. Calculate h(-4).
2
Let n(z) = 13*z + 5. Give n(-5).
-60
Let b(w) = 3*w + 16. Give b(-7).
-5
Let c(q) = -2*q**2 - q - 18. Calculate c(0).
-18
Let x(j) = -j**3 - 7*j**2 + 9*j + 6. Determine x(-8).
-2
Let u(d) = -d**3 + 5*d**2 + 29*d - 7. What is u(8)?
33
Let y(u) = u**3 - 4*u**2 - 3*u + 7. Give y(4).
-5
Let k(o) = -8*o - 63. What is k(-8)?
1
Let y(d) = -3*d + 2. Determine y(0).
2
Let f(x) = -3*x - 35. What is f(-15)?
10
Let a(t) = t**2 + 17*t - 30. Determine a(-17).
-30
Let z(r) = 4*r + 99. Determine z(-22).
11
Let u(b) = -6*b - 9. Give u(4).
-33
Let d(v) = -4*v + 29. What is d(7)?
1
Let x(m) = m**2 + 32*m + 235. Calculate x(-20).
-5
Let u(x) = -6*x**2 + 29*x - 9. Give u(4).
11
Let b(p) = 4*p. Calculate b(1).
4
Let u(z) = 10*z**3 - 2*z**2 + 5*z - 3. Calculate u(1).
10
Let f(t) = 47*t**2 - 3*t - 4. Give f(2).
178
Let t(v) = -v**3 + 25*v**2 - 24*v - 15. What is t(24)?
-15
Let t(l) = l**3 - l**2 - 6*l - 18. Determine t(4).
6
Let b(x) = x**2 - 9*x - 28. Calculate b(12).
8
Let h(m) = 3*m**2 + 16*m + 10. What is h(-4)?
-6
Let d(b) = -6*b. Determine d(-2).
12
Let h(a) = a**3 + 11*a**2 + 5*a - 7. Determine h(-11).
-62
Let a(y) = y**2 - 29*y + 4. Give a(28).
-24
Let m(y) = 10*y**2 + 17*y - 5. Calculate m(-2).
1
Let b(n) = -2*n + 23. Give b(17).
-11
Let o(b) = 14*b - 103. What is o(8)?
9
Let x(g) = -3*g**3 + 3*g**2 + g - 1. Calculate x(-1).
4
Let m(p) = -p**3 + 11*p**2 - 16*p - 5. Give m(9).
13
Let c(i) = 2*i + 10. Give c(0).
10
Let j(m) = m**2 - 15*m - 53. Determine j(17).
-19
Let u(a) = -2*a**2 - 7*a - 7. Calculate u(-6).
-37
Let u(t) = t - 20. Give u(11).
-9
Let b(m) = m**2